[INFO] cloning repository https://github.com/woowe/gen_redirects
[INFO] running `Command { std: "git" "-c" "credential.helper=" "-c" "credential.helper=/workspace/cargo-home/bin/git-credential-null" "clone" "--bare" "https://github.com/woowe/gen_redirects" "/workspace/cache/git-repos/https%3A%2F%2Fgithub.com%2Fwoowe%2Fgen_redirects", kill_on_drop: false }`
[INFO] [stderr] Cloning into bare repository '/workspace/cache/git-repos/https%3A%2F%2Fgithub.com%2Fwoowe%2Fgen_redirects'...
[INFO] running `Command { std: "git" "rev-parse" "HEAD", kill_on_drop: false }`
[INFO] [stdout] 0c4ffbd3eb38e4136b3e3d048802faa6329ed504
[INFO] building woowe/gen_redirects against master#881c1ac408d93bb7adaa3a51dabab9266e82eee8 for issue-85264
[INFO] running `Command { std: "git" "clone" "/workspace/cache/git-repos/https%3A%2F%2Fgithub.com%2Fwoowe%2Fgen_redirects" "/workspace/builds/worker-13/source", kill_on_drop: false }`
[INFO] [stderr] Cloning into '/workspace/builds/worker-13/source'...
[INFO] [stderr] done.
[INFO] validating manifest of git repo https://github.com/woowe/gen_redirects on toolchain 881c1ac408d93bb7adaa3a51dabab9266e82eee8
[INFO] running `Command { std: "/workspace/cargo-home/bin/cargo" "+881c1ac408d93bb7adaa3a51dabab9266e82eee8" "metadata" "--manifest-path" "Cargo.toml" "--no-deps", kill_on_drop: false }`
[INFO] started tweaking git repo https://github.com/woowe/gen_redirects
[INFO] finished tweaking git repo https://github.com/woowe/gen_redirects
[INFO] tweaked toml for git repo https://github.com/woowe/gen_redirects written to /workspace/builds/worker-13/source/Cargo.toml
[INFO] crate git repo https://github.com/woowe/gen_redirects already has a lockfile, it will not be regenerated
[INFO] running `Command { std: "/workspace/cargo-home/bin/cargo" "+881c1ac408d93bb7adaa3a51dabab9266e82eee8" "fetch" "--manifest-path" "Cargo.toml", kill_on_drop: false }`
[INFO] [stderr]  Downloading crates ...
[INFO] [stderr]   Downloaded rc v0.1.1
[INFO] [stderr]   Downloaded time v0.1.32
[INFO] [stderr]   Downloaded void v0.0.5
[INFO] [stderr]   Downloaded futf v0.1.1
[INFO] [stderr]   Downloaded unreachable v0.0.2
[INFO] [stderr]   Downloaded ansi_term v0.6.3
[INFO] [stderr]   Downloaded tendril v0.1.6
[INFO] [stderr]   Downloaded strsim v0.4.0
[INFO] [stderr]   Downloaded url v0.2.37
[INFO] [stderr]   Downloaded phf v0.7.5
[INFO] [stderr]   Downloaded string_cache_shared v0.1.7
[INFO] [stderr]   Downloaded string_cache v0.1.13
[INFO] [stderr]   Downloaded phf_shared v0.7.5
[INFO] [stderr]   Downloaded mac v0.0.2
[INFO] [stderr]   Downloaded clap v1.4.5
[INFO] [stderr]   Downloaded serde v0.6.0
[INFO] [stderr]   Downloaded encoding v0.2.32
[INFO] [stderr]   Downloaded html5ever v0.2.6
[INFO] [stderr]   Downloaded openssl-sys v0.6.6
[INFO] [stderr]   Downloaded debug-builders v0.1.0
[INFO] [stderr]   Downloaded phf_codegen v0.7.5
[INFO] [stderr]   Downloaded phf_generator v0.7.5
[INFO] [stderr]   Downloaded debug_unreachable v0.0.6
[INFO] [stderr]   Downloaded curl v0.2.11
[INFO] [stderr]   Downloaded curl-sys v0.1.25
[INFO] running `Command { std: "docker" "create" "-v" "/var/lib/crater-agent-workspace/builds/worker-13/target:/opt/rustwide/target:rw,Z" "-v" "/var/lib/crater-agent-workspace/builds/worker-13/source:/opt/rustwide/workdir:ro,Z" "-v" "/var/lib/crater-agent-workspace/cargo-home:/opt/rustwide/cargo-home:ro,Z" "-v" "/var/lib/crater-agent-workspace/rustup-home:/opt/rustwide/rustup-home:ro,Z" "-e" "SOURCE_DIR=/opt/rustwide/workdir" "-e" "CARGO_TARGET_DIR=/opt/rustwide/target" "-e" "CARGO_HOME=/opt/rustwide/cargo-home" "-e" "RUSTUP_HOME=/opt/rustwide/rustup-home" "-w" "/opt/rustwide/workdir" "-m" "1610612736" "--user" "0:0" "--network" "none" "ghcr.io/rust-lang/crates-build-env/linux@sha256:20528e8c29e4536546f0102ce88568b16ea7538393a33fcca951030f7af10457" "/opt/rustwide/cargo-home/bin/cargo" "+881c1ac408d93bb7adaa3a51dabab9266e82eee8" "metadata" "--no-deps" "--format-version=1", kill_on_drop: false }`
[INFO] [stdout] 9f60ed615904d0c4533b06ebbfb376e990ec202143ee20d033987f9ff8f631b4
[INFO] [stderr] WARNING: Your kernel does not support swap limit capabilities or the cgroup is not mounted. Memory limited without swap.
[INFO] running `Command { std: "docker" "start" "-a" "9f60ed615904d0c4533b06ebbfb376e990ec202143ee20d033987f9ff8f631b4", kill_on_drop: false }`
[INFO] running `Command { std: "docker" "inspect" "9f60ed615904d0c4533b06ebbfb376e990ec202143ee20d033987f9ff8f631b4", kill_on_drop: false }`
[INFO] running `Command { std: "docker" "rm" "-f" "9f60ed615904d0c4533b06ebbfb376e990ec202143ee20d033987f9ff8f631b4", kill_on_drop: false }`
[INFO] [stdout] 9f60ed615904d0c4533b06ebbfb376e990ec202143ee20d033987f9ff8f631b4
[INFO] running `Command { std: "docker" "create" "-v" "/var/lib/crater-agent-workspace/builds/worker-13/target:/opt/rustwide/target:rw,Z" "-v" "/var/lib/crater-agent-workspace/builds/worker-13/source:/opt/rustwide/workdir:ro,Z" "-v" "/var/lib/crater-agent-workspace/cargo-home:/opt/rustwide/cargo-home:ro,Z" "-v" "/var/lib/crater-agent-workspace/rustup-home:/opt/rustwide/rustup-home:ro,Z" "-e" "SOURCE_DIR=/opt/rustwide/workdir" "-e" "CARGO_TARGET_DIR=/opt/rustwide/target" "-e" "CARGO_INCREMENTAL=0" "-e" "RUST_BACKTRACE=full" "-e" "RUSTFLAGS=--cap-lints=forbid" "-e" "CARGO_HOME=/opt/rustwide/cargo-home" "-e" "RUSTUP_HOME=/opt/rustwide/rustup-home" "-w" "/opt/rustwide/workdir" "-m" "1610612736" "--user" "0:0" "--network" "none" "ghcr.io/rust-lang/crates-build-env/linux@sha256:20528e8c29e4536546f0102ce88568b16ea7538393a33fcca951030f7af10457" "/opt/rustwide/cargo-home/bin/cargo" "+881c1ac408d93bb7adaa3a51dabab9266e82eee8" "build" "--frozen" "--message-format=json", kill_on_drop: false }`
[INFO] [stdout] 2757abce732595bf5252fd01e6a0ba26793c6b2ae1b2fd57a1ea0807c7ed2c18
[INFO] [stderr] WARNING: Your kernel does not support swap limit capabilities or the cgroup is not mounted. Memory limited without swap.
[INFO] running `Command { std: "docker" "start" "-a" "2757abce732595bf5252fd01e6a0ba26793c6b2ae1b2fd57a1ea0807c7ed2c18", kill_on_drop: false }`
[INFO] [stderr]    Compiling phf_shared v0.7.5
[INFO] [stderr]    Compiling gcc v0.3.18
[INFO] [stderr]    Compiling pkg-config v0.3.6
[INFO] [stderr]    Compiling void v0.0.5
[INFO] [stderr]    Compiling encoding_index_tests v0.1.4
[INFO] [stderr]    Compiling rustc-serialize v0.3.16
[INFO] [stderr]    Compiling mac v0.0.2
[INFO] [stderr]    Compiling matches v0.1.2
[INFO] [stderr]    Compiling lazy_static v0.1.15
[INFO] [stderr]    Compiling debug-builders v0.1.0
[INFO] [stderr]    Compiling regex-syntax v0.2.2
[INFO] [stderr]    Compiling strsim v0.4.0
[INFO] [stderr]    Compiling bitflags v0.3.2
[INFO] [stderr]    Compiling rc v0.1.1
[INFO] [stderr]    Compiling ansi_term v0.6.3
[INFO] [stderr]    Compiling memchr v0.1.6
[INFO] [stderr]    Compiling log v0.3.2
[INFO] [stderr]    Compiling advapi32-sys v0.1.2
[INFO] [stderr]    Compiling kernel32-sys v0.1.4
[INFO] [stderr]    Compiling encoding-index-simpchinese v1.20141219.5
[INFO] [stderr]    Compiling encoding-index-singlebyte v1.20141219.5
[INFO] [stderr]    Compiling encoding-index-korean v1.20141219.5
[INFO] [stderr]    Compiling encoding-index-tradchinese v1.20141219.5
[INFO] [stderr]    Compiling encoding-index-japanese v1.20141219.5
[INFO] [stderr]    Compiling aho-corasick v0.3.2
[INFO] [stdout] error[E0642]: patterns aren't allowed in functions without bodies
[INFO] [stdout]    --> /opt/rustwide/cargo-home/registry/src/github.com-1ecc6299db9ec823/rustc-serialize-0.3.16/src/serialize.rs:145:45
[INFO] [stdout]     |
[INFO] [stdout] 145 | ...                   &f_name: &str,
[INFO] [stdout]     |                       ^^^^^^^ pattern not allowed in function without body
[INFO] [stdout] 
[INFO] [stdout] 
[INFO] [stderr]    Compiling unreachable v0.0.2
[INFO] [stderr]    Compiling clap v1.4.5
[INFO] [stderr]    Compiling debug_unreachable v0.0.6
[INFO] [stderr]    Compiling futf v0.1.1
[INFO] [stderr]    Compiling phf v0.7.5
[INFO] [stderr]    Compiling time v0.1.32
[INFO] [stderr]    Compiling rand v0.3.11
[INFO] [stderr]    Compiling openssl-sys v0.6.6
[INFO] [stderr]    Compiling libz-sys v0.1.8
[INFO] [stderr]    Compiling curl-sys v0.1.25
[INFO] [stderr]    Compiling encoding v0.2.32
[INFO] [stderr]    Compiling regex v0.1.41
[INFO] [stderr]    Compiling phf_generator v0.7.5
[INFO] [stderr]    Compiling phf_codegen v0.7.5
[INFO] [stderr]    Compiling string_cache_shared v0.1.7
[INFO] [stderr] error: failed to run custom build command for `openssl-sys v0.6.6`
[INFO] [stderr] 
[INFO] [stderr] Caused by:
[INFO] [stderr]   process didn't exit successfully: `/opt/rustwide/target/debug/build/openssl-sys-03af95645e2022b9/build-script-build` (exit status: 101)
[INFO] [stderr]   --- stdout
[INFO] [stderr]   cargo:rustc-link-search=native=/usr/lib/x86_64-linux-gnu
[INFO] [stderr]   cargo:rustc-link-lib=ssl
[INFO] [stderr]   cargo:rustc-link-lib=crypto
[INFO] [stderr] 
[INFO] [stderr]   TARGET = Some("x86_64-unknown-linux-gnu")
[INFO] [stderr]   OPT_LEVEL = Some("0")
[INFO] [stderr]   PROFILE = Some("debug")
[INFO] [stderr]   TARGET = Some("x86_64-unknown-linux-gnu")
[INFO] [stderr]   debug=true opt-level=0
[INFO] [stderr]   HOST = Some("x86_64-unknown-linux-gnu")
[INFO] [stderr]   TARGET = Some("x86_64-unknown-linux-gnu")
[INFO] [stderr]   TARGET = Some("x86_64-unknown-linux-gnu")
[INFO] [stderr]   HOST = Some("x86_64-unknown-linux-gnu")
[INFO] [stderr]   CC_x86_64-unknown-linux-gnu = None
[INFO] [stderr]   CC_x86_64_unknown_linux_gnu = None
[INFO] [stderr]   HOST_CC = None
[INFO] [stderr]   CC = None
[INFO] [stderr]   HOST = Some("x86_64-unknown-linux-gnu")
[INFO] [stderr]   TARGET = Some("x86_64-unknown-linux-gnu")
[INFO] [stderr]   HOST = Some("x86_64-unknown-linux-gnu")
[INFO] [stderr]   CFLAGS_x86_64-unknown-linux-gnu = None
[INFO] [stderr]   CFLAGS_x86_64_unknown_linux_gnu = None
[INFO] [stderr]   HOST_CFLAGS = None
[INFO] [stderr]   CFLAGS = None
[INFO] [stderr]   running: "cc" "-O0" "-ffunction-sections" "-fdata-sections" "-g" "-m64" "-fPIC" "-o" "/opt/rustwide/target/debug/build/openssl-sys-ccc1e0c0b6385dec/out/src/openssl_shim.o" "-c" "src/openssl_shim.c"
[INFO] [stderr]   ExitStatus(ExitStatus(256))
[INFO] [stderr] 
[INFO] [stderr] 
[INFO] [stderr]   command did not execute successfully, got: exit status: 1
[INFO] [stderr] 
[INFO] [stderr] 
[INFO] [stderr] 
[INFO] [stderr]   --- stderr
[INFO] [stderr]   src/openssl_shim.c: In function 'DH_new_from_params':
[INFO] [stderr]   src/openssl_shim.c:126:7: error: dereferencing pointer to incomplete type 'DH' {aka 'struct dh_st'}
[INFO] [stderr]     126 |     dh->p = p;
[INFO] [stderr]         |       ^~
[INFO] [stderr]   src/openssl_shim.c: In function 'X509_get_extensions_shim':
[INFO] [stderr]   src/openssl_shim.c:137:13: error: dereferencing pointer to incomplete type 'X509' {aka 'struct x509_st'}
[INFO] [stderr]     137 |     return x->cert_info ? x->cert_info->extensions : NULL;
[INFO] [stderr]         |             ^~
[INFO] [stderr]   thread 'main' panicked at 'explicit panic', /opt/rustwide/cargo-home/registry/src/github.com-1ecc6299db9ec823/gcc-0.3.18/src/lib.rs:768:5
[INFO] [stderr]   stack backtrace:
[INFO] [stderr]      0:     0x5597cdb357a0 - std::backtrace_rs::backtrace::libunwind::trace::hdcf4f90f85129e83
[INFO] [stderr]                                  at /rustc/881c1ac408d93bb7adaa3a51dabab9266e82eee8/library/std/src/../../backtrace/src/backtrace/libunwind.rs:90:5
[INFO] [stderr]      1:     0x5597cdb357a0 - std::backtrace_rs::backtrace::trace_unsynchronized::h2669e30cb82f6732
[INFO] [stderr]                                  at /rustc/881c1ac408d93bb7adaa3a51dabab9266e82eee8/library/std/src/../../backtrace/src/backtrace/mod.rs:66:5
[INFO] [stderr]      2:     0x5597cdb357a0 - std::sys_common::backtrace::_print_fmt::hfbda19e17f6db318
[INFO] [stderr]                                  at /rustc/881c1ac408d93bb7adaa3a51dabab9266e82eee8/library/std/src/sys_common/backtrace.rs:67:5
[INFO] [stderr]      3:     0x5597cdb357a0 - <std::sys_common::backtrace::_print::DisplayBacktrace as core::fmt::Display>::fmt::h1a8751bf59281272
[INFO] [stderr]                                  at /rustc/881c1ac408d93bb7adaa3a51dabab9266e82eee8/library/std/src/sys_common/backtrace.rs:46:22
[INFO] [stderr]      4:     0x5597cdb54bdf - core::fmt::write::h7aa6cd0067dca82a
[INFO] [stderr]                                  at /rustc/881c1ac408d93bb7adaa3a51dabab9266e82eee8/library/core/src/fmt/mod.rs:1094:17
[INFO] [stderr]      5:     0x5597cdb32495 - std::io::Write::write_fmt::hd7dd3a1df9b6befb
[INFO] [stderr]                                  at /rustc/881c1ac408d93bb7adaa3a51dabab9266e82eee8/library/std/src/io/mod.rs:1584:15
[INFO] [stderr]      6:     0x5597cdb3764b - std::sys_common::backtrace::_print::h551e9ec8a9fa8106
[INFO] [stderr]                                  at /rustc/881c1ac408d93bb7adaa3a51dabab9266e82eee8/library/std/src/sys_common/backtrace.rs:49:5
[INFO] [stderr]      7:     0x5597cdb3764b - std::sys_common::backtrace::print::ha4b1c5e95fa040b3
[INFO] [stderr]                                  at /rustc/881c1ac408d93bb7adaa3a51dabab9266e82eee8/library/std/src/sys_common/backtrace.rs:36:9
[INFO] [stderr]      8:     0x5597cdb3764b - std::panicking::default_hook::{{closure}}::h0b34c9ab7fb9f857
[INFO] [stderr]                                  at /rustc/881c1ac408d93bb7adaa3a51dabab9266e82eee8/library/std/src/panicking.rs:208:50
[INFO] [stderr]      9:     0x5597cdb3712d - std::panicking::default_hook::h3067e8318decd17a
[INFO] [stderr]                                  at /rustc/881c1ac408d93bb7adaa3a51dabab9266e82eee8/library/std/src/panicking.rs:225:9
[INFO] [stderr]     10:     0x5597cdb37bfd - std::panicking::rust_panic_with_hook::h81b8facc50f34daa
[INFO] [stderr]                                  at /rustc/881c1ac408d93bb7adaa3a51dabab9266e82eee8/library/std/src/panicking.rs:591:17
[INFO] [stderr]     11:     0x5597cdaece33 - std::panicking::begin_panic::{{closure}}::h252dbf21b7e7ae1a
[INFO] [stderr]                                  at /rustc/881c1ac408d93bb7adaa3a51dabab9266e82eee8/library/std/src/panicking.rs:520:9
[INFO] [stderr]     12:     0x5597cdafc149 - std::sys_common::backtrace::__rust_end_short_backtrace::h024db8da9c6980ea
[INFO] [stderr]                                  at /rustc/881c1ac408d93bb7adaa3a51dabab9266e82eee8/library/std/src/sys_common/backtrace.rs:141:18
[INFO] [stderr]     13:     0x5597cdaecd69 - std::panicking::begin_panic::h55efd19cc71a6e2c
[INFO] [stderr]                                  at /rustc/881c1ac408d93bb7adaa3a51dabab9266e82eee8/library/std/src/panicking.rs:519:12
[INFO] [stderr]     14:     0x5597cdafc095 - gcc::fail::h79ecd04d5c1adb94
[INFO] [stderr]                                  at /opt/rustwide/cargo-home/registry/src/github.com-1ecc6299db9ec823/gcc-0.3.18/src/lib.rs:768:5
[INFO] [stderr]     15:     0x5597cdafbf08 - gcc::run::ha65f40ec15cb9229
[INFO] [stderr]                                  at /opt/rustwide/cargo-home/registry/src/github.com-1ecc6299db9ec823/gcc-0.3.18/src/lib.rs:762:9
[INFO] [stderr]     16:     0x5597cdaf583f - gcc::Config::compile_object::h49e681d42ce3eb69
[INFO] [stderr]                                  at /opt/rustwide/cargo-home/registry/src/github.com-1ecc6299db9ec823/gcc-0.3.18/src/lib.rs:364:9
[INFO] [stderr]     17:     0x5597cdaf4835 - gcc::Config::compile::hd0c101682f0b906e
[INFO] [stderr]                                  at /opt/rustwide/cargo-home/registry/src/github.com-1ecc6299db9ec823/gcc-0.3.18/src/lib.rs:319:13
[INFO] [stderr]     18:     0x5597cdaddff8 - build_script_build::build_openssl_shim::hedec1c3dd3b2c0d0
[INFO] [stderr]                                  at /opt/rustwide/cargo-home/registry/src/github.com-1ecc6299db9ec823/openssl-sys-0.6.6/build.rs:134:5
[INFO] [stderr]     19:     0x5597cdadbeca - build_script_build::main::h9d16280fbc28a7d0
[INFO] [stderr]                                  at /opt/rustwide/cargo-home/registry/src/github.com-1ecc6299db9ec823/openssl-sys-0.6.6/build.rs:23:17
[INFO] [stderr]     20:     0x5597cdadea2b - core::ops::function::FnOnce::call_once::h202aa0bf13b62a16
[INFO] [stderr]                                  at /rustc/881c1ac408d93bb7adaa3a51dabab9266e82eee8/library/core/src/ops/function.rs:227:5
[INFO] [stderr]     21:     0x5597cdae1ede - std::sys_common::backtrace::__rust_begin_short_backtrace::h235c233076c05c99
[INFO] [stderr]                                  at /rustc/881c1ac408d93bb7adaa3a51dabab9266e82eee8/library/std/src/sys_common/backtrace.rs:125:18
[INFO] [stderr]     22:     0x5597cdade911 - std::rt::lang_start::{{closure}}::h9bafd91a93439fd2
[INFO] [stderr]                                  at /rustc/881c1ac408d93bb7adaa3a51dabab9266e82eee8/library/std/src/rt.rs:49:18
[INFO] [stderr]     23:     0x5597cdb37ffa - core::ops::function::impls::<impl core::ops::function::FnOnce<A> for &F>::call_once::h3b8c329143d7638a
[INFO] [stderr]                                  at /rustc/881c1ac408d93bb7adaa3a51dabab9266e82eee8/library/core/src/ops/function.rs:259:13
[INFO] [stderr]     24:     0x5597cdb37ffa - std::panicking::try::do_call::h4b72c261b4eefc1b
[INFO] [stderr]                                  at /rustc/881c1ac408d93bb7adaa3a51dabab9266e82eee8/library/std/src/panicking.rs:379:40
[INFO] [stderr]     25:     0x5597cdb37ffa - std::panicking::try::h703d31b7896cbd49
[INFO] [stderr]                                  at /rustc/881c1ac408d93bb7adaa3a51dabab9266e82eee8/library/std/src/panicking.rs:343:19
[INFO] [stderr]     26:     0x5597cdb37ffa - std::panic::catch_unwind::h37cad9b35388a915
[INFO] [stderr]                                  at /rustc/881c1ac408d93bb7adaa3a51dabab9266e82eee8/library/std/src/panic.rs:431:14
[INFO] [stderr]     27:     0x5597cdb37ffa - std::rt::lang_start_internal::hab5a8a909af4f90e
[INFO] [stderr]                                  at /rustc/881c1ac408d93bb7adaa3a51dabab9266e82eee8/library/std/src/rt.rs:34:21
[INFO] [stderr]     28:     0x5597cdade8f0 - std::rt::lang_start::h8af0a96d577c95f5
[INFO] [stderr]                                  at /rustc/881c1ac408d93bb7adaa3a51dabab9266e82eee8/library/std/src/rt.rs:48:5
[INFO] [stderr]     29:     0x5597cdade44c - main
[INFO] [stderr]     30:     0x7f94a3fab0b3 - __libc_start_main
[INFO] [stderr]     31:     0x5597cdada98e - _start
[INFO] [stderr]     32:                0x0 - <unknown>
[INFO] [stderr] warning: build failed, waiting for other jobs to finish...
[INFO] [stdout] error[E0446]: private type `SingleSearch` in public interface
[INFO] [stdout]    --> /opt/rustwide/cargo-home/registry/src/github.com-1ecc6299db9ec823/regex-0.1.41/src/prefix.rs:46:12
[INFO] [stdout]     |
[INFO] [stdout] 46  |     Single(SingleSearch),
[INFO] [stdout]     |            ^^^^^^^^^^^^ can't leak private type
[INFO] [stdout] ...
[INFO] [stdout] 169 | struct SingleSearch {
[INFO] [stdout]     | ------------------- `SingleSearch` declared as private
[INFO] [stdout] 
[INFO] [stdout] 
[INFO] [stdout] error: aborting due to previous error
[INFO] [stdout] 
[INFO] [stdout] 
[INFO] [stdout] For more information about this error, try `rustc --explain E0446`.
[INFO] [stdout] 
[INFO] [stdout] error: aborting due to previous error
[INFO] [stdout] 
[INFO] [stdout] 
[INFO] [stdout] For more information about this error, try `rustc --explain E0642`.
[INFO] [stdout] 
[INFO] [stderr] error: build failed
[INFO] running `Command { std: "docker" "inspect" "2757abce732595bf5252fd01e6a0ba26793c6b2ae1b2fd57a1ea0807c7ed2c18", kill_on_drop: false }`
[INFO] running `Command { std: "docker" "rm" "-f" "2757abce732595bf5252fd01e6a0ba26793c6b2ae1b2fd57a1ea0807c7ed2c18", kill_on_drop: false }`
[INFO] [stdout] 2757abce732595bf5252fd01e6a0ba26793c6b2ae1b2fd57a1ea0807c7ed2c18
